12) to base 10.
-4381
Convert 267 (base 11) to base 9.
380
What is -141 (base 13) in base 3?
-22020
What is 2122020001 (base 3) in base 13?
1a830
Convert 1726 (base 13) to base 9.
4611
What is 38af (base 16) in base 8?
34257
Convert -2578 (base 11) to base 12.
-1b34
Convert -51706 (base 9) to base 7.
-201303
1657 (base 9) to base 12
897
What is 6159 (base 11) in base 7?
32552
Convert 15a9 (base 11) to base 2.
100000000111
-7eaf (base 16) to base 12
-16927
-131c9 (base 13) to base 10
-35486
What is -1302 (base 6) in base 7?
-644
-10100022 (base 3) to base 4
-212012
What is -320233 (base 4) in base 12?
-2127
-122221200 (base 3) to base 10
-13086
-e9d (base 15) to base 14
-12b8
Convert -11200200 (base 4) to base 15.
-6a40
Convert -3122 (base 9) to base 3.
-10010202
Convert 222141 (base 5) to base 16.
1e74
-1137 (base 10) to base 14
-5b3
Convert -321221 (base 6) to base 15.
-7b81
What is 2432 (base 5) in base 3?
111121
Convert -1010031 (base 4) to base 14.
-183b
What is 2bd (base 14) in base 2?
1000101111
What is 1001021112 (base 3) in base 5?
1124430
17b (base 12) to base 7
461
5125 (base 8) to base 3
10121222
-676 (base 9) to base 6
-2323
What is 43350 (base 7) in base 13?
4bcc
What is 2110202 (base 3) in base 6?
12202
Convert -110101100 (base 2) to base 12.
-2b8
Convert -314 (base 11) to base 4.
-11322
Convert 4653 (base 7) to base 13.
a11
Convert 332 (base 11) to base 9.
482
-34324 (base 5) to base 9
-3337
Convert -1b30 (base 12) to base 13.
-16a7
Convert 1a05 (base 14) to base 3.
20110102
Convert c5 (base 14) to base 12.
125
25015 (base 6) to base 5
104213
23000 (base 10) to base 14
854c
Convert 232421 (base 5) to base 12.
4ab2
What is -31503 (base 10) in base 7?
-160563
Convert 4aa (base 12) to base 15.
321
Convert 3785 (base 10) to base 7.
14015
What is -110221 (base 3) in base 9?
-427
-3303241 (base 5) to base 10
-56696
What is -4751 (base 8) in base 9?
-3428
What is 582 (base 9) in base 8?
737
-8e6 (base 16) to base 8
-4346
Convert -1526 (base 16) to base 4.
-1110212
What is 23033310 (base 4) in base 9?
70166
-1100 (base 11) to base 5
-21302
134345 (base 8) to base 9
71832
263 (base 7) to base 16
8f
What is 2010200 (base 4) in base 7?
33503
What is -1495 (base 10) in base 7?
-4234
1c473 (base 14) to base 4
101220211
What is 1544 (base 7) in base 2?
1001101100
What is -3155 (base 6) in base 14?
-395
What is 212020 (base 3) in base 11?
520
What is -100001101 (base 2) in base 4?
-10031
Convert -182 (base 10) to base 5.
-1212
-31541 (base 6) to base 15
-1424
2272 (base 14) to base 3
22012111
What is 39465 (base 10) in base 14?
1054d
Convert aac (base 16) to base 9.
3665
Convert -3152 (base 15) to base 8.
-24273
101100111 (base 2) to base 5
2414
What is 317 (base 13) in base 5?
4102
Convert 724b (base 14) to base 7.
111224
What is -30010 (base 4) in base 10?
-772
What is 6859 (base 10) in base 3?
100102001
-1024041 (base 5) to base 13
-7bc2
What is 44422 (base 8) in base 9?
27584
What is -10114 (base 5) in base 15?
-2de
2136 (base 11) to base 16
b06
10685 (base 10) to base 15
3275
10785 (base 9) to base 16
1c25
6638 (base 14) to base 16
451a
What is -411 (base 10) in base 8?
-633
-7a0 (base 11) to base 3
-1022110
Convert -2442023 (base 5) to base 2.
-1011010110110001
10011111101 (base 2) to base 5
20102
11062 (base 13) to base 5
1441323
Convert 8d4 (base 16) to base 11.
1775
What is 633 (base 11) in base 6?
3310
What is -230 (base 12) in base 9?
-400
-2012020002 (base 3) to base 15
-cbd5
-2d69 (base 15) to base 10
-9774
55003 (base 6) to base 9
11333
Convert -11642 (base 7) to base 14.
-1192
22940 (base 14) to base 13
2c3b4
Convert -2673a (base 11) to base 13.
-144a3
Convert -869 (base 10) to base 12.
-605
What is -8711 (base 12) in base 7?
-61165
-5503 (base 15) to base 11
-12587
Convert 22331 (base 6) to base 8.
6117
What is -4017 (base 9) in base 10?
-2932
1101355 (base 6) to base 13
1bc29
-4b5 (base 14) to base 5
-12233
Convert -10002200202 (base 3) to base 8.
-167125
What is 37a (base 15) in base 7?
2206
Convert -a96 (base 16) to base 8.
-5226
Convert -4316 (base 13) to base 3.
-110202222
What is 272 (base 13) in base 11?
362
-2232 (base 5) to base 12
-225
-630a (base 11) to base 6
-102411
What is 2113 (base 4) in base 6?
411
Convert 277b (base 13) to base 5.
140204
-154133 (base 6) to base 16
-3b49
What is -21210210 (base 3) in base 11?
-4304
Convert 2322 (base 8) to base 3.
1200201
-6543 (base 7) to base 4
-210132
-13aa (base 11) to base 6
-12222
What is 180 (base 11) in base 10?
209
398b (base 13) to base 16
2023
What is -2215 (base 8) in base 10?
-1165
Convert -971 (base 13) to base 14.
-833
Convert -268 (base 15) to base 3.
-202022
What is 5741 (base 9) in base 12?
2561
-32c (base 13) to base 16
-221
What is -1162 (base 9) in base 14?
-45c
Convert -1958 (base 13) to base 10.
-3791
-42132 (base 5) to base 16
-ae8
Convert 1020100 (base 3) to base 7.
2424
What is 2b0 (base 15) in base 11?
50a
12012201 (base 3) to base 11
2944
8248 (base 9) to base 3
22021122
What is -237 (base 11) in base 4?
-10122
What is -31252 (base 6) in base 11?
-3186
Convert -1714 (base 9) to base 10.
-1309
-424 (base 10) to base 3
-120201
What is -222 (base 16) in base 5?
-4141
What is 3686 (base 11) in base 12?
2951
Convert -544c (base 13) to base 10.
-11725
-111100010001 (base 2) to base 6
-25505
Convert -116124 (base 7) to base 11.
-15034
473 (base 8) to base 14
187
Convert 51311 (base 9) to base 10.
33787
What is -15440 (base 7) in base 12?
-2618
Convert 4a2 (base 13) to base 9.
1087
Convert 43011 (base 7) to base 5.
320031
What is 2215 (base 6) in base 2?
1000000011
Convert -156413 (base 7) to base 8.
-74544
Convert 22330 (base 5) to base 4.
120312
1b3 (base 14) to base 4
11201
-2663 (base 11) to base 4
-312001
Convert -31678 (base 9) to base 16.
-51e9
What is -ec5c (base 15) in base 2?
-1100001101110101
What is 6342 (base 13) in base 3?
200212000
5112 (base 7) to base 2
11011101101
Convert -226550 (base 7) to base 2.
-1001111100110010
-497 (base 13) to base 16
-320
What is 1323 (base 4) in base 15?
83
13351 (base 8) to base 5
141430
What is -11000111101 (base 2) in base 9?
-2164
What is 4002 (base 5) in base 6?
2154
Convert -2212020102 (base 3) to base 11.
-39338
What is -115400 (base 6) in base 12?
-5b60
What is 182 (base 14) in base 5?
2220
-c9e (base 15) to base 8
-5441
-1010001101 (base 2) to base 4
-22031
1006 (base 12) to base 7
5025
What is 4631 (base 11) in base 13?
2a00
Convert -477f (base 16) to base 8.
-43577
-e740 (base 15) to base 11
-33801
653 (base 8) to base 7
1150
220000 (base 3) to base 5
10043
Convert 216 (base 14) to base 8.
634
Convert 1245 (base 7) to base 9.
576
13fe (base 16) to base 14
1c18
-2076 (base 9) to base 8
-2767
What is -1110101111 (base 2) in base 14?
-4b5
Convert -1011001000000 (base 2) to base 15.
-1a4b
What is 6a9 (base 16) in base 5?
23310
What is -35057 (base 8) in base 6?
-152543
-9c17 (base 14) to base 15
-8049
What is -221022 (base 3) in base 5?
-10213
-1480 (base 9) to base 15
-500
1709 (base 12) to base 16
ab9
What is -144 (base 7) in base 6?
-213
Convert -187 (base 14) to base 5.
-2230
Convert 10030 (base 5) to base 6.
2544
-4444012 (base 5) to base 13
-29677
What is -21001202 (base 3) in base 16?
-141e
-3498 (base 11) to base 3
-20021210
-6316 (base 8) to base 9
-4442
What is -23d (base 15) in base 3?
-200211
-28273 (base 9) to base 8
-45356
Convert 3326 (base 16) to base 7.
53114
-2112022 (base 3) to base 16
-734
What is 872 (base 9) in base 12?
4b5
What is 15358 (base 13) in base 3?
2001001011
2573 (base 8) to base 6
10255
What is 17830 (base 11) in base 10?
24959
-13201 (base 4) to base 8
-741
Convert 12021 (base 4) to base 3.
112120
35120 (base 6) to base 16
1398
What is -151542 (base 6) in base 9?
-22118
-2cfa (base 16) to base 14
-42a6
-42566 (base 7) to base 4
-2211113
4021404 (base 5) to base 6
1212111
Convert -1154 (base 6) to base 13.
-190
Convert 122011 (base 3) to base 6.
2051
Convert 210020 (base 3) to base 11.
481
-33a51 (base 12) to base 16
-10d1d
11202102 (base 3) to base 2
110110001011
What is 51 (base 10) in base 8?
63
Convert -3164 (base 7) to base 12.
-798
Convert 5633 (base 8) to base 13.
1477
Convert -1020314 (base 5) to base 15.
-5059
110100010101 (base 2) to base 3
11121001
-1010110